e prime factors of 10632.
2, 3, 443
List the prime factors of 6323298.
2, 3, 23, 45821
List the prime factors of 8493277.
13, 103, 6343
List the prime factors of 1173520.
2, 5, 14669
What are the prime factors of 955920?
2, 3, 5, 7, 569
List the prime factors of 38457314.
2, 7, 1567, 1753
List the prime factors of 626142.
2, 3, 11, 53, 179
List the prime factors of 234200.
2, 5, 1171
What are the prime factors of 231249?
3, 19, 4057
List the prime factors of 1016127.
3, 7, 127
List the prime factors of 2750001.
3, 137, 6691
What are the prime factors of 816190?
2, 5, 81619
List the prime factors of 213609.
3, 11, 6473
What are the prime factors of 321542?
2, 13, 83, 149
List the prime factors of 4440.
2, 3, 5, 37
List the prime factors of 8581520.
2, 5, 107269
List the prime factors of 1755127.
11, 31, 5147
List the prime factors of 62443.
41, 1523
List the prime factors of 462938.
2, 7, 43, 769
List the prime factors of 560559.
3, 59, 3167
List the prime factors of 18743856.
2, 3, 79, 4943
List the prime factors of 1307271.
3, 7, 8893
List the prime factors of 16095006.
2, 3, 894167
List the prime factors of 562854.
2, 3, 93809
What are the prime factors of 7691228?
2, 1922807
What are the prime factors of 1300143?
3, 13, 17, 37, 53
What are the prime factors of 761984?
2, 5953
What are the prime factors of 14844729?
3, 23, 215141
List the prime factors of 14004938.
2, 19, 368551
List the prime factors of 3431142.
2, 3, 11, 13, 31, 43
List the prime factors of 1300204.
2, 325051
List the prime factors of 11215.
5, 2243
What are the prime factors of 3662510?
2, 5, 307, 1193
List the prime factors of 312071.
312071
What are the prime factors of 5563175?
5, 222527
List the prime factors of 298903.
11, 29, 937
What are the prime factors of 339583?
339583
What are the prime factors of 288966?
2, 3, 17, 2833
What are the prime factors of 557354?
2, 7, 41, 971
List the prime factors of 210251.
53, 3967
What are the prime factors of 61739?
107, 577
List the prime factors of 13312769.
29, 467, 983
What are the prime factors of 1701153?
3, 189017
What are the prime factors of 3706750?
2, 5, 14827
List the prime factors of 293049.
3, 32561
List the prime factors of 27559747.
19, 1450513
What are the prime factors of 166026?
2, 3, 7, 59, 67
List the prime factors of 1107885.
3, 5, 73859
List the prime factors of 3565669.
3565669
List the prime factors of 4635374.
2, 23, 100769
What are the prime factors of 3430605?
3, 5, 228707
What are the prime factors of 340392?
2, 3, 13, 1091
List the prime factors of 139722.
2, 3, 11, 29, 73
What are the prime factors of 82328?
2, 41, 251
What are the prime factors of 4161137?
23, 227, 797
What are the prime factors of 1091044?
2, 272761
What are the prime factors of 558589?
31, 37, 487
List the prime factors of 1324595.
5, 264919
What are the prime factors of 4709838?
2, 3, 7, 112139
List the prime factors of 159292.
2, 7, 5689
List the prime factors of 299101.
11, 27191
List the prime factors of 1079323.
7, 22027
What are the prime factors of 607910?
2, 5, 31, 37, 53
What are the prime factors of 240945?
3, 5, 16063
List the prime factors of 264318.
2, 3, 44053
List the prime factors of 1704341.
103, 16547
What are the prime factors of 6117163?
13, 470551
What are the prime factors of 18558409?
18558409
What are the prime factors of 276470?
2, 5, 27647
What are the prime factors of 2639464?
2, 29, 31, 367
What are the prime factors of 2279848?
2, 19, 53, 283
List the prime factors of 2576899.
13, 198223
What are the prime factors of 2885037?
3, 961679
List the prime factors of 345765.
3, 5, 7, 37, 89
List the prime factors of 4703370.
2, 3, 5, 7, 22397
List the prime factors of 11476703.
7, 19, 86291
What are the prime factors of 902202?
2, 3, 7, 21481
List the prime factors of 6915501.
3, 768389
What are the prime factors of 8463195?
3, 5, 13, 17, 23, 37
What are the prime factors of 517421?
31, 16691
What are the prime factors of 420152?
2, 29, 1811
List the prime factors of 4390397.
11, 29, 13763
List the prime factors of 2701063.
181, 14923
List the prime factors of 145097.
373, 389
List the prime factors of 147656.
2, 18457
What are the prime factors of 2172406?
2, 1086203
What are the prime factors of 42670?
2, 5, 17, 251
What are the prime factors of 1080793?
7, 23, 137
What are the prime factors of 9454?
2, 29, 163
List the prime factors of 9281299.
9281299
List the prime factors of 345021.
3, 19, 6053
List the prime factors of 228701.
11, 17, 1223
What are the prime factors of 2077369?
7, 296767
List the prime factors of 159602.
2, 79801
List the prime factors of 9125.
5, 73
What are the prime factors of 263693?
167, 1579
What are the prime factors of 916569?
3, 83, 409
What are the prime factors of 5705682?
2, 3, 950947
What are the prime factors of 1517048?
2, 13, 29, 503
List the prime factors of 5269986.
2, 3, 292777
What are the prime factors of 566768?
2, 35423
List the prime factors of 82016.
2, 11, 233
List the prime factors of 8536232.
2, 1067029
What are the prime factors of 134060?
2, 5, 6703
List the prime factors of 2203355.
5, 7, 11, 59, 97
What are the prime factors of 9238557?
3, 251, 12269
List the prime factors of 928708.
2, 11, 21107
What are the prime factors of 9515157?
3, 41, 77359
List the prime factors of 68377.
101, 677
What are the prime factors of 21460910?
2, 5, 2146091
What are the prime factors of 347731?
347731
List the prime factors of 27271710.
2, 3, 5, 303019
List the prime factors of 1806691.
19, 95089
What are the prime factors of 1113529?
139, 8011
What are the prime factors of 10163525?
5, 103, 3947
What are the prime factors of 190935?
3, 5, 4243
List the prime factors of 563318.
2, 7, 40237
What are the prime factors of 250058?
2, 125029
What are the prime factors of 1155876?
2, 3, 96323
What are the prime factors of 197961?
3, 19, 23, 151
List the prime factors of 1307353.
1307353
List the prime factors of 2006686.
2, 11, 53, 1721
List the prime factors of 12227.
12227
What are the prime factors of 5112541?
7, 730363
What are the prime factors of 792195?
3, 5, 52813
List the prime factors of 339243.
3, 113081
List the prime factors of 433351.
433351
List the prime factors of 1023087.
3, 13, 37, 709
List the prime factors of 502835.
5, 19, 67, 79
What are the prime factors of 13162284?
2, 3, 17, 67, 107
What are the prime factors of 297223?
83, 3581
What are the prime factors of 412893?
3, 13, 3529
What are the prime factors of 811753?
811753
What are the prime factors of 205665?
3, 5, 13711
List the prime factors of 852098.
2, 13, 2521
List the prime factors of 242125.
5, 13, 149
List the prime factors of 3616162.
2, 11, 164371
What are the prime factors of 2120083?
7, 883
What are the prime factors of 92419?
92419
List the prime factors of 478195.
5, 59, 1621
What are the prime factors of 3703643?
3703643
What are the prime factors of 4281603?
3, 17, 37, 2269
What are the prime factors of 24252?
2, 3, 43, 47
What are the prime factors of 2634288?
2, 3, 54881
List the prime factors of 4497183.
3, 499687
What are the prime factors of 67280?
2, 5, 29
List the prime factors of 101682.
2, 3, 7, 269
List the prime factors of 760866.
2, 3, 211, 601
List the prime factors of 5251.
59, 89
What are the prime factors of 453321?
3, 11, 19, 241
List the prime factors of 311966.
2, 151, 1033
What are the prime factors of 2867533?
67, 127, 337
List the prime factors of 203068.
2, 50767
What are the prime factors of 77373?
3, 8597
List the prime factors of 9224005.
5, 7, 37649
What are the prime factors of 6068199?
3, 263, 7691
What are the prime factors of 76247?
19, 4013
What are the prime factors of 12811260?
2, 3, 5, 7, 11, 47, 59
What are the prime factors of 564957?
3, 62773
List the prime factors of 1235251.
1235251
List the prime factors of 1093903.
23, 199, 239
List the prime factors of 580259.
580259
What are the prime factors of 77194?
2, 13, 2969
What are the prime factors of 1583479?
19, 83341
List the prime factors of 1513056.
2, 3, 15761
List the prime factors of 11886775.
5, 163, 2917
What are the prime factors of 1704199?
7, 17, 14321
List the prime factors of 1564135.
5, 83, 3769
What are the prime factors of 1274094?
2, 3, 70783
What are the prime factors 